Let a(m) = -322*m**3 - 17*m + 20. Let n be a(-4). What is the greatest common factor of n and 104?
104
Suppose 11*l - 19*l - 8 = 0. Let z be (-33)/(-11)*(l - -12). What is the greatest common factor of z and 11?
11
Suppose 5*m - 2*o - 188 = 2*o, 0 = -5*m + 3*o + 186. Suppose 0 = 64*c - 51*c - 312. Calculate the highest common factor of m and c.
12
Let s = 11859 + -10464. Calculate the greatest common divisor of s and 27.
9
Let l = -265 - -337. What is the highest common divisor of 120 and l?
24
Let j = 0 + 0. Suppose j = 2*g - b + 2, -4*g + 9*g = 4*b - 2. Let w be 95 - (4/g + 6). Calculate the highest common divisor of w and 26.
13
Suppose -4*w - 368 = -3*d, -2*d - 4*w = -287 + 55. What is the greatest common factor of 1290 and d?
30
Let t be (-10)/(-4)*(3 - 1). Let j be ((-18473)/4)/(-13) - ((-100)/(-16) - 6). Calculate the highest common divisor of j and t.
5
Suppose -3*d - 9 = 3*b, -4*b + 4*d - 1 + 13 = 0. Suppose 19*y + 990 - 4714 = b. What is the highest common factor of y and 147?
49
Let b = 513 - 508. Suppose b*j - 517 = j - 3*d, 5*j - 650 = -3*d. Calculate the highest common divisor of 21 and j.
7
Suppose 0 = 2*i - 2*d - 690, -d + 11 = -2*i + 700. What is the greatest common divisor of i and 232?
8
Let u(i) = 8*i + 780. Let f be u(-18). Calculate the greatest common factor of f and 2756.
212
Let g(n) = -25*n**2 + 6*n + 38. Let w be g(-11). Let u be w/(-86) + (2/4)/1. What is the highest common factor of u and 198?
18
Let i(q) = -49*q**2 + 1896*q - 65. Let t be i(33). What is the highest common divisor of 28 and t?
14
Suppose d = -q, 3*d - 4*q + 1 = 36. Let b = 2 + d. Calculate the greatest common divisor of 287 and b.
7
Let p(m) be the second derivative of 11*m**3/2 - 37*m**2/2 + 60*m. Let b be p(4). Calculate the greatest common factor of b and 5.
5
Suppose 75*r + 3392 = 33092. Calculate the greatest common factor of 352 and r.
44
Let z be 15/1 - 5/((-5)/(-3)). Suppose -z*d + 290 = -478. Calculate the greatest common divisor of 704 and d.
64
Let b(g) = -g**3 + 17*g**2 - 65*g - 11. Let p be b(10). Suppose -p*x = -46*x + 1365. What is the greatest common factor of 45 and x?
15
Let k be (-12)/9 + 208/48. Let a(q) = q**2 - 3*q + 4. Let u be a(k). Suppose 5*m - 220 = 40. What is the highest common divisor of u and m?
4
Let b(i) = 2*i**3 + 71*i**2 - 38*i - 84. Let p be b(-36). Let c(f) = -4*f - 13. Let s be c(p). What is the greatest common divisor of s and 7?
7
Suppose 122 = -3*q + 113. Let f be (-3 + (-8)/q)*(-9 - 63). What is the highest common factor of f and 184?
8
Suppose -3*r + 105 = -4*b, 106*b + 111 = 3*r + 103*b. Calculate the highest common factor of r and 12169.
43
Let b be 2/5*3*145/58. Suppose -2*o = -b*o + 9. Calculate the highest common factor of 126 and o.
9
Suppose 0 = 2*i + 3*v - 15, 3*v - 8 - 7 = i. Suppose i = 27*j - 26*j + 1. Let z(l) = -136*l - 6. Let m be z(j). What is the greatest common divisor of m and 10?
10
Suppose 2*j - 4*k = 21170, 3*j + 5*k - 15437 = 16263. Calculate the greatest common divisor of j and 9.
9
Let j = -137454 + 137458. Let i = -635 + 903. Calculate the greatest common divisor of i and j.
4
Suppose 6*h = -11*h + 12*h + 1320. What is the greatest common divisor of h and 858?
66
Let g(k) = -2*k**3 + 10*k - 594. Let l be g(-24). What is the highest common factor of 492 and l?
246
Let d = -196 + 257. Suppose 2*y - 151 = -d. What is the highest common factor of 15 and y?
15
Let h be 2202 + (-6)/2 + 23. What is the greatest common factor of h and 44?
22
Suppose 12*m = 2 + 46. Suppose -18*q = -17*q - m. Calculate the highest common factor of 80 and q.
4
Let k(j) = -10*j**3 + 21*j**2 - 32*j - 26. Let v be k(-5). What is the highest common factor of v and 92?
23
Let t be 0 + -7 - (-105 - -37)*2/4. What is the greatest common divisor of 11097 and t?
27
Let t = 138 - 93. Suppose -2*k = -105 + t. What is the highest common factor of 60 and k?
30
Suppose 8160 = -297*c + 301*c. Calculate the highest common factor of 15 and c.
15
Suppose 0*p = -95*p + 50095 + 13650. What is the highest common factor of 55 and p?
11
Suppose 3 = -3*f, -21*j = -24*j - 3*f + 12. Let s be 204/(-10) - (-14)/35. Let v be (-7)/(-5) + s/50. What is the highest common divisor of j and v?
1
Let l(s) = -s**3 + 31*s**2 + 76*s - 273. Let f be l(33). What is the greatest common divisor of f and 3420?
57
Suppose 3*c - 9 = 4*p - 3*p, 21 = 3*p + 3*c. Suppose p*v + 6 = -9, -s = 3*v - 25. What is the highest common factor of s and 10?
10
Let s(r) = -r**2 - 2*r. Let y be s(-2). Let o = -219 - -239. Suppose -2*a + z = 2*z - 25, -a + z + o = y. What is the highest common factor of a and 3?
3
Let h = 8630 + -8600. Suppose -z + 5*z = -4*t + 84, t = z - 19. What is the highest common factor of z and h?
10
Let d(u) = 252*u - 24. Let a be d(10). What is the greatest common divisor of a and 1716?
156
Let j = 27522 - 27514. Let f be (-233 + 3)*(-4)/10. What is the greatest common divisor of j and f?
4
Suppose 0 = -4*v - 3*l + 27, -3*v + 17*l + 19 = 18*l. Suppose -v*n = -4*n - 234. Calculate the greatest common factor of 18 and n.
9
Let j be (-1449)/(-46)*4*1. Let d(f) = -f**2 + 17*f + 14. Let q be d(17). What is the highest common divisor of j and q?
14
Suppose 0 = 5*i + v - 3482, -25*v + 2086 = 3*i - 26*v. Suppose d = 8 + 16. What is the highest common factor of d and i?
24
Let n(s) be the third derivative of 8*s**4/3 - 23*s**3/6 - s**2 + 19. Let j be n(7). What is the highest common factor of 25 and j?
25
Let v(u) = -10*u**2 + 8 + 29*u**2 - 10*u**2 - 8*u**2 + 8*u. Let m be v(-7). What is the greatest common divisor of m and 1?
1
Let a be (0 + (-2)/6)/((-41)/207993). Calculate the greatest common divisor of a and 19.
19
Let q = -27266 - -27387. Calculate the greatest common factor of q and 1111.
11
Let q be ((-45)/(-10))/(4/(-24)). Let c be -43*(-2)/6 - 18/q. What is the highest common divisor of 3 and c?
3
Suppose 10*w - b = 5*w + 998, 0 = -3*w + 2*b + 610. Calculate the greatest common factor of 666 and w.
18
Let w = -168824 - -168888. Suppose 6*v = 5*v + 288. What is the highest common divisor of v and w?
32
Let d = 625 + -283. Let m = 133906 - 133870. What is the greatest common factor of m and d?
18
Let p be (32/(-6))/(7 + (-520)/72). Let n be 17*54/p*4. What is the highest common factor of n and 68?
17
Let k be (-12)/(-36) + 4/(-3). Let d be (k + -3 + 3)*-15. Let h(p) = -p**3 - 5*p**2 - 6*p - 5. Let n be h(-7). What is the greatest common factor of d and n?
15
Let y be (-1194)/(1*10/(-180)). Calculate the greatest common divisor of y and 27.
27
Let a(b) = -2*b**3 + 98*b**2 + 660*b + 55. Let s be a(55). What is the greatest common divisor of 3234 and s?
11
Let z(f) be the second derivative of f**4/12 + f**3/3 - 17*f**2/2 - 153*f. Let x be z(-10). Calculate the greatest common factor of 9 and x.
9
Let t be (108/(-45))/((-3)/45). Suppose -5*y + 53 = i, -35 = -i + 4*y + t. What is the greatest common divisor of i and 147?
21
Suppose 140*l - 730 = 139*l - 5*n, 2905 = 4*l + 5*n. What is the highest common factor of 551 and l?
29
Let r = 167407 - 113335. Calculate the highest common factor of r and 72.
72
Suppose 0 = 4*v - 230 - 706. Suppose v*z = 241*z - 287. What is the highest common divisor of 697 and z?
41
Let f(l) = -l**3 + 15*l**2 - 19*l + 24. Let x be f(12). Suppose 30*d = 33*d + x. Let m = 78 + d. Calculate the greatest common factor of m and 2.
2
Suppose -41*u + 824 + 119 = 0. Suppose 896 = -u*s + 39*s. What is the greatest common divisor of 168 and s?
56
Suppose -4 = q - 19. Let y = 72 - q. Suppose a - y = 23. Calculate the greatest common divisor of a and 16.
16
Suppose -36*u + 109136 = 43254 - 145222. Calculate the highest common divisor of u and 16.
8
Let k be 41818/4 - ((-138)/(-161) + 19/(-14)). What is the highest common factor of k and 51?
51
Let b = -2968 - -3111. What is the highest common factor of 91 and b?
13
Suppose -15*f + 66*f = 21063. Calculate the highest common divisor of f and 708.
59
Suppose -4*a - 400 = -4*x, 3*x + 13*a - 308 = 14*a. What is the highest common factor of x and 598?
26
Let s(w) = w**2 + w - 58. Let c be s(-10). Suppose -v + 224 = 6*v. Calculate the highest common factor of v and c.
32
Let d = -78 - -83. Suppose s = 4*x + 41 + 99, -s = d*x - 113. Suppose a + 0*a + 2*h - 40 = 0, -3*a + 2*h = -s. Calculate t